is the hundreds digit of 7966?
9
What is the units digit of 6610?
0
What is the units digit of 74912?
2
What is the hundreds digit of 3482?
4
What is the thousands digit of 6546?
6
What is the units digit of 31?
1
What is the units digit of 1507?
7
What is the hundred thousands digit of 117451?
1
What is the thousands digit of 1196?
1
What is the tens digit of 2795?
9
What is the ten thousands digit of 49003?
4
What is the tens digit of 2311?
1
What is the thousands digit of 2531?
2
What is the thousands digit of 7211?
7
What is the tens digit of 55?
5
What is the thousands digit of 2476?
2
What is the tens digit of 8446?
4
What is the tens digit of 279?
7
What is the units digit of 4110?
0
What is the units digit of 9953?
3
What is the tens digit of 813?
1
What is the tens digit of 1593?
9
What is the hundreds digit of 381?
3
What is the tens digit of 12833?
3
What is the ten thousands digit of 17074?
1
What is the hundreds digit of 1824?
8
What is the hundreds digit of 9731?
7
What is the hundreds digit of 3604?
6
What is the tens digit of 312?
1
What is the ten thousands digit of 13580?
1
What is the hundreds digit of 209?
2
What is the hundreds digit of 2712?
7
What is the tens digit of 8446?
4
What is the hundreds digit of 1750?
7
What is the tens digit of 2528?
2
What is the ten thousands digit of 83800?
8
What is the ten thousands digit of 157961?
5
What is the tens digit of 258?
5
What is the units digit of 7495?
5
What is the hundreds digit of 9572?
5
What is the units digit of 2410?
0
What is the tens digit of 15844?
4
What is the tens digit of 1125?
2
What is the tens digit of 11338?
3
What is the thousands digit of 12713?
2
What is the units digit of 143224?
4
What is the hundreds digit of 48458?
4
What is the ten thousands digit of 100643?
0
What is the hundreds digit of 29385?
3
What is the thousands digit of 3873?
3
What is the tens digit of 17140?
4
What is the tens digit of 1718?
1
What is the hundreds digit of 6363?
3
What is the units digit of 9950?
0
What is the units digit of 43826?
6
What is the hundreds digit of 33738?
7
What is the tens digit of 2024?
2
What is the units digit of 8635?
5
What is the hundreds digit of 25355?
3
What is the hundreds digit of 4982?
9
What is the hundreds digit of 664?
6
What is the units digit of 888?
8
What is the hundreds digit of 3550?
5
What is the thousands digit of 13184?
3
What is the units digit of 98864?
4
What is the thousands digit of 8397?
8
What is the tens digit of 653?
5
What is the tens digit of 1201?
0
What is the units digit of 25?
5
What is the hundreds digit of 349?
3
What is the hundreds digit of 1504?
5
What is the units digit of 949?
9
What is the tens digit of 22?
2
What is the ten thousands digit of 18152?
1
What is the units digit of 19804?
4
What is the units digit of 771?
1
What is the hundreds digit of 872?
8
What is the units digit of 9321?
1
What is the ten thousands digit of 11136?
1
What is the ten thousands digit of 28304?
2
What is the hundreds digit of 51919?
9
What is the hundreds digit of 1747?
7
What is the hundreds digit of 4173?
1
What is the tens digit of 12777?
7
What is the hundreds digit of 6099?
0
What is the ten thousands digit of 40522?
4
What is the hundreds digit of 1024?
0
What is the hundreds digit of 4042?
0
What is the thousands digit of 46245?
6
What is the hundreds digit of 58270?
2
What is the units digit of 55945?
5
What is the hundreds digit of 6464?
4
What is the tens digit of 834?
3
What is the thousands digit of 1800?
1
What is the thousands digit of 28577?
8
What is the tens digit of 34870?
7
What is the tens digit of 753?
5
What is the tens digit of 50?
5
What is the units digit of 1154?
4
What is the hundreds digit of 42569?
5
What is the hundreds digit of 17286?
2
What is the units digit of 21777?
7
What is the ten thousands digit of 12292?
1
What is the tens digit of 6781?
8
What is the tens digit of 437?
3
What is the ten thousands digit of 54276?
5
What is the thousands digit of 9060?
9
What is the hundreds digit of 24839?
8
What is the units digit of 112?
2
What is the units digit of 2229?
9
What is the ten thousands digit of 17382?
1
What is the thousands digit of 3124?
3
What is the hundreds digit of 3445?
4
What is the thousands digit of 21135?
1
What is the hundreds digit of 2198?
1
What is the hundreds digit of 531?
5
What is the hundreds digit of 4037?
0
What is the tens digit of 14731?
3
What is the units digit of 760?
0
What is the units digit of 44938?
8
What is the hundreds digit of 1600?
6
What is the units digit of 412?
2
What is the tens digit of 7143?
4
What is the units digit of 184?
4
What is the tens digit of 8020?
2
What is the units digit of 1526?
6
What is the tens digit of 571?
7
What is the tens digit of 288?
8
What is the tens digit of 1481?
8
What is the hundreds digit of 1652?
6
What is the tens digit of 1229?
2
What is the hundreds digit of 764?
7
What is the units digit of 34367?
7
What is the ten thousands digit of 16981?
1
What is the hundreds digit of 78252?
2
What is the thousands digit of 62565?
2
What is the thousands digit of 139072?
9
What is the hundreds digit of 4596?
5
What is the hundreds digit of 7988?
9
What is the units digit of 43923?
3
What is the units digit of 34346?
6
What is the thousands digit of 3664?
3
What is the hundreds digit of 1294?
2
What is the thousands digit of 52813?
2
What is the tens digit of 28504?
0
What is the hundreds digit of 1105?
1
What is the units digit of 864?
4
What is the thousands digit of 27679?
7
What is the tens digit of 144176?
7
What is the units digit of 1399?
9
What is the units digit of 8435?
5
What is the thousands digit of 1435?
1
What is the hundreds digit of 2458?
4
What is the ten thousands digit of 11038?
1
What is the tens digit of 22204?
0
What is the units digit of 1575?
5
What is the units digit of 1403?
3
What is the tens digit of 22327?
2
What is the units digit of 122855?
5
What is the tens digit of 63580?
8
What is the thousands digit of 9470?
9
What is the tens digit of 33?
3
What is the tens digit of 3714?
1
What is the thousands digit of 4656?
4
What is the hundreds digit of 916?
9
What is the ten thousands digit of 121797?
2
What is the tens digit of 713?
1
What is the thousands digit of 39178?
9
What is the units digit of 5175?
5
What is the tens digit of 13359?
5
What is the thousands digit of 2115?
2
What is the hundreds digit of 9331?
3
What is the hundreds digit of 12473?
4
What is the tens digit of 205?
0
What is the units digit of 35436?
6
What is the tens digit of 43583?
8
What is the units digit of 12135?
5
What is the tens digit of 39520?
2
What is the thousands digit of 1088?
1
What is the thousands digit of 4271?
4
What is the units digit of 23409?
9
What is the thousands digit of 5690?
5
What is the tens digit of 28082?
8
What is the thousands digit of 47957?
7
What is the thousands digit of 1316?
1
What is the thousands digit of 47368?
7
What is the units digit of 2358?
8
What is the tens digit of 826?
2
What is the thousands digit of 20183?
0
What is the tens digit of 21452?
5
What is the hundreds digit of 16416?
4
What is the hundreds digit of 130667?
6
What is the units digit of 8818?
8
What is the hundreds digit of 2372?
3
What is the thousands digit of 4960?
4
What is the tens digit of 230?
3
What is the hundreds digit of 17472?
4
What is the units digit of 3480?
0
What is the ten thousands digit of 31170?
3
What is the hundreds digit of 2093?
0
What is the thousands digit of 1598?
1
What is the thousands digit of 6120?
6
What is the ten thousands digit of 16324?
1
What is the tens digit of 2218?
1
What is the thousands digit of 6792?
6
What is the hundred thousands digit of 184453?
1
What is the thousands digit of 65153?
5
What is the units digit of 7464?
4
What is the thousands digit of 1708?
1
What is the hundreds digit of 42968?
9
What is the tens digit of 3867?
6
What is the hundreds digit of 5839?
8
What is the units digit of 3458?
8
What is the units digit of 33141?
1
What is the units digit of 45653?
3
What is the tens digit of 30?
3
What is the hundreds digit of 195?
1
What is the units digit of 187?
7
What is the thousands digit of 6675?
6
What is the tens digit of 417?
1
What is the tens